y 1341.
1328
Calculate the remainder when 4452467 is divided by 1243.
41
Calculate the remainder when 44926322 is divided by 3363.
5
Calculate the remainder when 388534333 is divided by 1135.
1133
What is the remainder when 93921 is divided by 93917?
4
What is the remainder when 63373617 is divided by 160?
17
Calculate the remainder when 2043924 is divided by 85.
14
Calculate the remainder when 1109290 is divided by 480.
10
Calculate the remainder when 766252 is divided by 254796.
1864
What is the remainder when 47461 is divided by 15702?
355
What is the remainder when 981173730 is divided by 308?
306
Calculate the remainder when 159891 is divided by 3812.
3599
Calculate the remainder when 1042241 is divided by 446.
385
Calculate the remainder when 258272 is divided by 5378.
128
Calculate the remainder when 2588465997 is divided by 5520.
5517
Calculate the remainder when 115930097 is divided by 229.
221
Calculate the remainder when 16981 is divided by 6239.
4503
Calculate the remainder when 2545224 is divided by 41051.
62
What is the remainder when 405272074 is divided by 17?
13
Calculate the remainder when 20193410 is divided by 989.
8
What is the remainder when 308838 is divided by 97?
87
What is the remainder when 237971 is divided by 856?
3
What is the remainder when 139766 is divided by 45313?
3827
What is the remainder when 114463 is divided by 5179?
525
Calculate the remainder when 18566299 is divided by 50.
49
What is the remainder when 248100 is divided by 6417?
4254
Calculate the remainder when 5319041 is divided by 2659516.
9
Calculate the remainder when 69780 is divided by 21732.
4584
Calculate the remainder when 5882 is divided by 1919.
125
What is the remainder when 1250784 is divided by 2943?
9
Calculate the remainder when 1462845 is divided by 10096.
9021
Calculate the remainder when 472579 is divided by 346.
289
Calculate the remainder when 88731 is divided by 12659.
118
What is the remainder when 28109 is divided by 125?
109
What is the remainder when 3612035 is divided by 7253?
41
Calculate the remainder when 4107442 is divided by 17781.
31
What is the remainder when 492006018 is divided by 185?
183
Calculate the remainder when 6545857 is divided by 1362.
85
What is the remainder when 440277 is divided by 2954?
131
What is the remainder when 7542983 is divided by 182?
175
What is the remainder when 339229 is divided by 1285?
1274
Calculate the remainder when 337773 is divided by 549.
138
What is the remainder when 4154685 is divided by 8?
5
Calculate the remainder when 771917 is divided by 135.
122
Calculate the remainder when 149511 is divided by 149348.
163
Calculate the remainder when 17133471 is divided by 28.
19
What is the remainder when 2096488 is divided by 35?
23
What is the remainder when 88616 is divided by 1791?
857
Calculate the remainder when 2135036 is divided by 1067234.
568
What is the remainder when 1861338 is divided by 708?
6
What is the remainder when 12171005 is divided by 200?
5
What is the remainder when 211504016 is divided by 105?
101
What is the remainder when 34977 is divided by 8591?
613
Calculate the remainder when 19593734 is divided by 17248.
6
Calculate the remainder when 4758342 is divided by 59479.
22
What is the remainder when 4222597 is divided by 6866?
7
What is the remainder when 532907 is divided by 1865?
1382
What is the remainder when 12390332 is divided by 112?
108
Calculate the remainder when 1161178 is divided by 7953.
40
What is the remainder when 814916 is divided by 9782?
3010
Calculate the remainder when 3603148 is divided by 2927.
11
Calculate the remainder when 366825 is divided by 66.
63
Calculate the remainder when 766044 is divided by 255272.
228
Calculate the remainder when 67976 is divided by 67220.
756
Calculate the remainder when 33540 is divided by 4772.
136
Calculate the remainder when 214442 is divided by 377.
306
Calculate the remainder when 373245 is divided by 93244.
269
What is the remainder when 784626 is divided by 20648?
2
Calculate the remainder when 7342027 is divided by 1028.
51
Calculate the remainder when 744758193 is divided by 364.
361
Calculate the remainder when 976552 is divided by 324181.
4009
Calculate the remainder when 14631333 is divided by 91.
80
Calculate the remainder when 190641 is divided by 190550.
91
What is the remainder when 15006197 is divided by 29138?
127
Calculate the remainder when 346871583 is divided by 6.
3
What is the remainder when 40507 is divided by 526?
5
Calculate the remainder when 58296 is divided by 4473.
147
Calculate the remainder when 220983 is divided by 21.
0
Calculate the remainder when 582993014 is divided by 18.
14
What is the remainder when 1731347 is divided by 5150?
947
What is the remainder when 79021743 is divided by 44?
31
What is the remainder when 157476 is divided by 1107?
282
What is the remainder when 88647 is divided by 4135?
1812
Calculate the remainder when 333552 is divided by 556.
508
Calculate the remainder when 2290849 is divided by 40908.
1
What is the remainder when 33301 is divided by 16162?
977
Calculate the remainder when 8440399 is divided by 400.
399
Calculate the remainder when 389544 is divided by 189.
15
Calculate the remainder when 148822971 is divided by 54.
51
What is the remainder when 169928 is divided by 84948?
32
Calculate the remainder when 430269 is divided by 75.
69
What is the remainder when 1435426210 is divided by 1122?
1120
What is the remainder when 42190869 is divided by 2315?
2309
Calculate the remainder when 1826541 is divided by 828.
801
What is the remainder when 4780570 is divided by 93?
91
Calculate the remainder when 641022 is divided by 16025.
22
What is the remainder when 85988 is divided by 680?
308
What is the remainder when 94101 is divided by 62?
47
What is the remainder when 8703817 is divided by 213?
211
What is the remainder when 22738192 is divided by 2335?
2297
Calculate the remainder when 9599051 is divided by 7920.
11
What is the remainder when 123785499 is divided by 34?
33
Calculate the remainder when 1841228 is divided by 613723.
59
What is the remainder when 24947231 is divided by 182?
127
What is the remainder when 20101461 is divided by 187864?
13
What is the remainder when 19511049 is divided by 2309?
2308
What is the remainder when 1437273 is divided by 2364?
2325
Calculate the remainder when 1134708 is divided by 378134.
306
What is the remainder when 224229 is divided by 62?
37
Calculate the remainder when 48151 is divided by 617.
25
Calculate the remainder when 520718 is divided by 260080.
558
What is the remainder when 625074448 is divided by 4025?
4023
Calculate the remainder when 4044113 is divided by 18550.
213
What is the remainder when 1134056 is divided by 125989?
155
Calculate the remainder when 276921 is divided by 214.
5
Calculate the remainder when 567933141 is divided by 3162.
3159
Calculate the remainder when 1445932 is divided by 1465.
1442
What is the remainder when 50113 is divided by 9997?
128
Calculate the remainder when 174612 is divided by 3794.
88
What is the remainder when 11748447 is divided by 1?
0
What is the remainder when 1823123 is divided by 480?
83
Calculate the remainder when 71330453 is divided by 75.
53
What is the remainder when 92714033 is divided by 706?
701
What is the remainder when 2744958 is divided by 161468?
2
Calculate the remainder when 2590907 is divided by 287767.
1004
Calculate the remainder when 95782567 is divided by 61.
1
Calculate the remainder when 26398 is divided by 7.
1
What is the remainder when 221025 is divided by 31567?
56
What is the remainder when 33505743 is divided by 2910?
3
Calculate the remainder when 18157983 is divided by 297.
294
Calculate the remainder when 6176905 is divided by 772111.
17
Calculate the remainder when 330383016 is divided by 165191508.
0
Calculate the remainder when 1112382 is divided by 87.
0
Calculate the remainder when 8872789 is divided by 1109095.
29
Calculate the remainder when 33598315 is divided by 4199785.
35
What is the remainder when 44660458 is divided by 59?
54
Calculate the remainder when 3853608 is divided by 191.
183
What is the remainder when 3211267 is divided by 1938?
1
Calculate the remainder when 47354130 is divided by 473541